 = 33 - i. Let o be 3/((-194)/20 + (-350)/(-35)). What is the highest common factor of o and u?
10
Let v = 23 - 27. Let c be v + 1/1 + 21. Calculate the greatest common divisor of 54 and c.
18
Let s(r) = r**3 - 9*r**2 + 32*r. Let n be s(5). Let u(d) = 2*d**2 + 3*d - 2. Let k be u(2). What is the highest common factor of k and n?
12
Suppose 2430 = 30*j - 0*j. Calculate the highest common factor of 63 and j.
9
Let s = 4693 - 4624. Let h(m) = 3*m**2 + m - 1. Let b be h(-3). Calculate the greatest common factor of s and b.
23
Suppose -2*r + 1 = -3*r, 0 = 3*o + 3*r. Let s be (-4)/(3/(-6)*o). What is the highest common factor of s and 24?
8
Let f be (4/3)/((-262)/66 + 4). Let y be (-11)/(0 + (-3)/9). Calculate the highest common factor of f and y.
11
Let v be (-1)/(0/(-8) + (-3)/9). Calculate the greatest common divisor of 21 and v.
3
Suppose 0 = 12*x - 22*x + 3750. What is the greatest common factor of x and 75?
75
Let h = -1364 - -1376. What is the greatest common divisor of h and 444?
12
Let f be 2/(0*1/(-5) - -2). Calculate the highest common factor of 3 and f.
1
Let m = -62 + 106. Suppose -2*w - 28 = -0*w. Let f = m + w. Calculate the highest common factor of 300 and f.
30
Let h(x) = 7*x**2 - 29*x. Let p be h(6). Let d(l) = 3*l. Let n be d(2). Calculate the highest common divisor of n and p.
6
Suppose -2*u = 2*l - 4*l - 26, -2*u = -4*l - 20. Suppose -2*v - r = -92, 60 = v - 1103*r + 1100*r. What is the highest common factor of v and u?
16
Let s = 1195 + -691. What is the greatest common divisor of 216 and s?
72
Suppose -7*w + 810 = 2*w. What is the greatest common factor of 162 and w?
18
Let t be (-13)/(-3) + 4/6. Let u be (-202)/(-8) + 9/(-36). Calculate the highest common factor of u and t.
5
Let j(y) be the first derivative of y**3/3 - 3*y**2/2 - 14*y - 8. Let x be j(8). What is the greatest common divisor of x and 182?
26
Let o be 48/26 - 4/(-26). Let a be o - -13 - (-1 + 1). Calculate the highest common divisor of a and 120.
15
Let f(b) be the third derivative of -b**6/120 - 17*b**5/60 - 3*b**4/4 - 23*b**3/6 + 11*b**2. Let u be f(-16). What is the greatest common divisor of u and 1?
1
Suppose 5*r - 163 = 4*a + 10, -3*a - 106 = r. Let j = a - -56. What is the highest common divisor of j and 57?
19
Suppose 5*a - 8 = 3*a. Let t be 18 + 910/(-49) + 172/7. What is the greatest common factor of a and t?
4
Let y be (-2)/12 - (-188)/(-24). Let l(d) = -d**2 - 9*d - 7. Let s be l(y). Let w be -1 - (26/(-1) + s). Calculate the highest common factor of 16 and w.
8
Let a(h) = 3*h**2 - 8*h - 4. Let s be a(4). Let y be s/(-4)*(-1)/3. Calculate the greatest common factor of y and 1.
1
Let x(i) = -i**3 + 13*i**2 + 18*i - 6. Let m(l) = l**2 + 19*l - 28. Let c be m(-21). Let k be x(c). What is the highest common divisor of k and 5?
5
Let y = 2174 - 1008. What is the greatest common factor of 212 and y?
106
Let s(w) = 9*w + 683. Let r be s(-13). What is the highest common divisor of 1 and r?
1
Let r be (-1 + -1)*58*11/(-44). Let n = -273 - -563. What is the highest common factor of r and n?
29
Suppose 2288 = -62*n + 70*n. Calculate the greatest common divisor of 44 and n.
22
Let q(d) = 10*d - 108. Let s be q(11). Calculate the greatest common factor of 12 and s.
2
Let t(c) = -6*c - 8. Let j be t(-4). Let f = j - 14. Let p be f/6 - 334/(-6). What is the greatest common factor of p and 8?
8
Let t(y) = 17*y**3 + y**2 - y + 1. Let x be t(1). Let j(w) = w + 1. Let f be j(1). Calculate the greatest common divisor of x and f.
2
Let o = 22 + 50. Let m be 176 + (140/34 - 12/102). What is the greatest common divisor of o and m?
36
Let d(r) = -45*r + 24*r + 4 + 33*r - r**2. Let w be d(10). Calculate the highest common divisor of 36 and w.
12
Let r(x) = -x**3 + 9*x**2 - 5*x. Let g be r(7). What is the highest common divisor of g and 28?
7
Let t = -5 + 191. Calculate the highest common divisor of 155 and t.
31
Let b(w) = -25*w - 222. Let n be b(-10). What is the highest common divisor of 1358 and n?
14
Suppose -l + 65 = -5*l + k, 95 = -5*l + 4*k. Let s = l + 31. Suppose 3*w = -2*z + 221, 0 = -3*w + 2 - 5. What is the greatest common factor of s and z?
16
Suppose 3*j - 6*r = -r - 9, 2*j + 3*r = -6. Let k be 83 - -1 - (1 + j). What is the highest common factor of k and 215?
43
Let f(u) = u**3 - 8*u**2 + 11*u - 12. Let b be f(7). Suppose 15*a = b*a - 55. Calculate the greatest common factor of a and 5.
5
Let a(q) = -q**2 + q + 16. Let g be a(0). Let f = 36 - g. Let t(y) = -y**2 + 23*y - 6. Let z be t(f). What is the highest common factor of 27 and z?
27
Suppose 4*m + 5*c - 69 = 0, m + 0*c - 5*c = 36. Let d = 36 - m. What is the highest common divisor of 10 and d?
5
Let h(r) = r**2 + 4*r + 13. Let v be 6*(20/(-12) + 1). Let y be h(v). What is the greatest common divisor of y and 104?
13
Let f = -130 - -245. Let p be 15/(-2)*(-20)/25. Let b be 267/p - (-3)/2. What is the highest common divisor of f and b?
23
Suppose -f - l + 213 = 0, 5*f - 2*l = 194 + 892. What is the greatest common factor of f and 9?
9
Let x(d) = -2*d**2 - 55*d - 24. Let m be x(-27). What is the highest common factor of m and 3?
3
Let u = 610 - 595. What is the greatest common divisor of 675 and u?
15
Suppose -3*h + 0*f = 2*f - 47, 0 = 5*f - 20. Suppose 0 = 7*a - h*a + 66. Suppose 26 = 2*c - 40. Calculate the highest common divisor of c and a.
11
Suppose 5*s + 44 = 9. Let y be (-3)/18 + (1225/(-6))/s. Calculate the highest common divisor of 145 and y.
29
Let u(i) = i**2 - i + 19. Let x be u(0). Let f = x - 7. Let c(t) = t + 4. Let v be c(4). What is the highest common divisor of f and v?
4
Suppose -20 = -2*a + 22. Let h(u) = u**2 - 7*u + 8. Let d be h(6). Let g = 9 - d. Calculate the highest common divisor of a and g.
7
Suppose -4*k + 92*g - 91*g = -61, -2*k + 38 = 2*g. Calculate the highest common divisor of 1 and k.
1
Let i = 1224 + -1147. Calculate the greatest common divisor of 14 and i.
7
Let m = -300 + 312. Calculate the highest common factor of m and 564.
12
Let j(a) = 3*a + 56. Let i be j(-13). Suppose 0*h + h - 274 = -4*v, -v = 3*h - 74. Calculate the highest common factor of i and v.
17
Let a = 2 + -3. Let n(h) = 2*h**2 + h + 4. Let t(p) = p**2 + 1. Let f(i) = a*n(i) + 3*t(i). Let b be f(-1). Calculate the highest common divisor of 10 and b.
1
Suppose -3 + 28 = j. Let w = -25 - -35. What is the greatest common divisor of j and w?
5
Let f(h) = -h**2 - 7*h - 8. Let d be f(-6). Let k(t) = 3*t**2 - 2*t - 1. Let b be k(d). Let r = b + -11. Calculate the greatest common factor of r and 20.
4
Suppose 3*y - 25 = -10. Calculate the highest common divisor of 10 and y.
5
Let s(t) = -2 + 6 + 5 + 18*t. Let a be s(8). Let n be 0 - (-16 - 3 - -2). Calculate the greatest common divisor of n and a.
17
Let k = -391 + 413. Let n be (363/(-9))/((-2)/12). What is the highest common divisor of k and n?
22
Suppose 0 = 3*f - 3*u - u - 71, 0 = 2*f - 3*u - 49. Suppose 0 = -y + f + 82. Suppose -y = -k - 2*k. Calculate the highest common factor of k and 3.
3
Let g = 207 - 16. Suppose -5*q = -v + 491 - 1351, -4*v - g = -q. Calculate the greatest common divisor of 19 and q.
19
Let p(z) = -6*z - 1. Let x(u) = 6*u + 1. Let y(s) = 3*p(s) + 2*x(s). Let a be y(-1). Calculate the greatest common factor of 5 and a.
5
Let y = 31 + -31. Let a be (2 + 11)/(1 + y). Let s be 13 - 0/(0 + 2). Calculate the highest common divisor of s and a.
13
Let q be -1 - (3 - -2) - -26. Let a = 22 - 18. Calculate the highest common divisor of q and a.
4
Let a = 214 + -106. Calculate the greatest common divisor of 12 and a.
12
Let a be 3248/(-32)*(0 + -6). What is the highest common factor of a and 42?
21
Let q be 152/2052 - (0 - (-27590)/(-54)). What is the highest common factor of 219 and q?
73
Let i(t) = t**3 - 21*t**2 - 2*t - 24. Let d be i(22). What is the highest common factor of 32 and d?
32
Let c be 7461/63 - (-3)/(-7). Let l(a) = -a**3 - 2*a**2 + 5*a + 2. Let j be l(-5). Let z = c - j. Calculate the highest common factor of 22 and z.
22
Let d be ((-15)/(-30))/((-3)/3276*-2). What is the highest common factor of 13 and d?
13
Let z(c) = 12*c + 20. Let y be z(7). Suppose 4*r = -2*i - 0*i + y, 186 = 4*i - 3*r. Calculate the greatest common divisor of 16 and i.
16
Let j = 415 + -271. Suppose 99 = 3*a - j. Let c(h) = 9*h + 261. Let q be c(-28). Cal